ase 3
112
Convert 10 (base 2) to base 15.
2
Convert -8 (base 14) to base 3.
-22
-121 (base 3) to base 5
-31
Convert 203 (base 8) to base 10.
131
What is 140 (base 6) in base 7?
114
5 (base 7) to base 2
101
-1010 (base 3) to base 8
-36
What is 22 (base 4) in base 15?
a
Convert 44 (base 9) to base 13.
31
What is 5c (base 14) in base 12?
6a
What is -1011 (base 2) in base 9?
-12
Convert 6 (base 9) to base 13.
6
What is -22 (base 6) in base 5?
-24
What is -4 (base 10) in base 3?
-11
Convert 0 (base 11) to base 5.
0
10 (base 3) to base 11
3
What is 11 (base 5) in base 11?
6
Convert 153 (base 9) to base 8.
201
5 (base 11) to base 16
5
What is 5 (base 16) in base 14?
5
32 (base 9) to base 4
131
-3 (base 15) to base 6
-3
Convert 0 (base 11) to base 9.
0
Convert 8 (base 11) to base 12.
8
What is -6 (base 13) in base 15?
-6
Convert -21220 (base 3) to base 14.
-113
1 (base 15) to base 9
1
Convert 0 (base 16) to base 7.
0
What is -26 (base 10) in base 2?
-11010
What is -11 (base 13) in base 3?
-112
-14 (base 7) to base 16
-b
What is -1001 (base 2) in base 15?
-9
What is 142 (base 6) in base 8?
76
-74 (base 12) to base 14
-64
What is 61 (base 8) in base 7?
100
-75 (base 10) to base 12
-63
Convert 1 (base 4) to base 15.
1
1 (base 8) to base 2
1
Convert -4 (base 13) to base 15.
-4
102 (base 8) to base 4
1002
What is 5 (base 14) in base 6?
5
-63 (base 12) to base 2
-1001011
8 (base 13) to base 5
13
-100 (base 3) to base 14
-9
3 (base 12) to base 15
3
Convert -5 (base 7) to base 5.
-10
What is 2 (base 3) in base 16?
2
1c (base 14) to base 9
28
What is 4 (base 10) in base 5?
4
What is 0 (base 9) in base 15?
0
-2 (base 13) to base 15
-2
Convert 21 (base 12) to base 4.
121
22 (base 11) to base 14
1a
Convert 14 (base 8) to base 16.
c
Convert -2 (base 9) to base 13.
-2
Convert -2 (base 14) to base 8.
-2
Convert 1010 (base 4) to base 9.
75
Convert -34 (base 9) to base 3.
-1011
What is -1 (base 9) in base 5?
-1
Convert 10 (base 14) to base 2.
1110
198 (base 10) to base 7
402
What is -21022 (base 3) in base 7?
-401
Convert -32 (base 5) to base 13.
-14
35 (base 8) to base 5
104
What is 1013 (base 6) in base 15?
100
What is -102 (base 3) in base 6?
-15
Convert -11 (base 2) to base 3.
-10
Convert 1000 (base 2) to base 7.
11
Convert 4 (base 16) to base 2.
100
16 (base 13) to base 8
23
-3 (base 7) to base 15
-3
Convert -a5 (base 16) to base 13.
-c9
What is -5 (base 8) in base 9?
-5
What is 3 (base 12) in base 8?
3
What is -20 (base 9) in base 8?
-22
What is 3 (base 10) in base 3?
10
What is 2 (base 12) in base 14?
2
-100 (base 2) to base 4
-10
What is -3 (base 9) in base 8?
-3
Convert 6 (base 9) to base 12.
6
-34 (base 6) to base 5
-42
-2 (base 10) to base 12
-2
8 (base 13) to base 9
8
Convert 1 (base 3) to base 14.
1
Convert 2 (base 10) to base 4.
2
What is -7 (base 10) in base 15?
-7
9 (base 16) to base 12
9
What is -b0 (base 16) in base 13?
-107
What is 110 (base 3) in base 16?
c
2 (base 3) to base 10
2
What is 132 (base 6) in base 4?
320
What is -100 (base 7) in base 6?
-121
Convert -3 (base 8) to base 11.
-3
Convert -8 (base 11) to base 13.
-8
-3 (base 9) to base 4
-3
37 (base 11) to base 2
101000
Convert -10 (base 3) to base 4.
-3
1 (base 6) to base 13
1
Convert 24 (base 5) to base 7.
20
0 (base 15) to base 16
0
Convert 30 (base 15) to base 6.
113
-38 (base 10) to base 9
-42
210 (base 3) to base 16
15
-12 (base 11) to base 4
-31
Convert 3a (base 15) to base 9.
61
What is 11 (base 10) in base 5?
21
Convert 12 (base 7) to base 15.
9
What is a1 (base 12) in base 2?
1111001
Convert -13a (base 11) to base 9.
-202
What is 2 (base 11) in base 15?
2
Convert -4 (base 14) to base 3.
-11
212 (base 3) to base 10
23
76 (base 13) to base 10
97
134 (base 5) to base 14
32
-11 (base 3) to base 12
-4
-100 (base 5) to base 13
-1c
120 (base 13) to base 16
c3
-7 (base 16) to base 2
-111
Convert 2 (base 7) to base 15.
2
What is 34 (base 12) in base 15?
2a
What is -23 (base 11) in base 14?
-1b
0 (base 11) to base 3
0
-11100 (base 2) to base 9
-31
Convert 94 (base 10) to base 16.
5e
Convert -454 (base 6) to base 11.
-152
What is 133 (base 10) in base 4?
2011
Convert -220 (base 3) to base 7.
-33
What is 2 (base 4) in base 5?
2
Convert 253 (base 9) to base 6.
550
2e (base 16) to base 5
141
Convert -4 (base 6) to base 2.
-100
What is -5 (base 13) in base 6?
-5
-2 (base 8) to base 6
-2
-1 (base 10) to base 3
-1
What is -110 (base 2) in base 11?
-6
What is 22 (base 12) in base 7?
35
-3 (base 5) to base 8
-3
What is 1 (base 4) in base 11?
1
Convert 10 (base 12) to base 16.
c
What is -6 (base 13) in base 9?
-6
Convert 65 (base 14) to base 6.
225
-1 (base 6) to base 3
-1
Convert 1 (base 9) to base 11.
1
Convert -461 (base 7) to base 12.
-17b
3 (base 9) to base 15
3
What is 101 (base 2) in base 7?
5
Convert 100 (base 4) to base 5.
31
Convert -12 (base 9) to base 16.
-b
What is -100010 (base 2) in base 10?
-34
-1 (base 9) to base 4
-1
31 (base 4) to base 2
1101
What is -2 (base 3) in base 2?
-10
Convert 22 (base 9) to base 15.
15
Convert 1001 (base 2) to base 8.
11
47 (base 8) to base 12
33
What is 1 (base 8) in base 5?
1
Convert -12 (base 4) to base 6.
-10
What is 177 (base 13) in base 14?
151
5 (base 13) to base 7
5
-21022 (base 3) to base 9
-238
-121 (base 4) to base 5
-100
What is -211 (base 3) in base 9?
-24
Convert 401 (base 8) to base 14.
145
-3 (base 15) to base 3
-10
What is -7 (base 10) in base 2?
-111
Convert 14 (base 13) to base 8.
21
What is -1301 (base 4) in base 13?
-89
Convert 17 (base 13) to base 4.
110
What is 4 (base 16) in base 12?
4
What is -15 (base 7) in base 13?
-c
Convert 0 (base 11) to base 3.
0
What is be (base 16) in base 9?
231
Convert 1441 (base 5) to base 2.
11110110
What is 0 (base 16) in base 9?
0
What is -100101101 (base 2) in base 10?
-301
What is -99 (base 11) in base 16?
-6c
Convert 0 (base 4) to base 9.
0
Convert 24 (base 5) to base 13.
11
What is -2 (base 5) in base 7?
-2
What is -5 (base 10) in base 6?
-5
What is 5 (base 12) in base 11?
5
What is 2221 (base 3) in base 11?
72
Convert -81 (base 12) to base 15.
-67
What is -22 (base 12) in base 16?
-1a
11 (base 2) to base 8
3
Convert 18 (base 11) to base 16.
13
What is 1020 (base 3) in base 10?
33
Convert 10100001 (base 2) to base 11.
137
-17 (base 10) to base 8
-21
-1 (base 4) to base 13
-1
Convert 20 (base 15) to base 7.
42
10001101 (base 2) to base 13
ab
What is -1 (base 6) in base 10?
-1
What is 2 (base 16) in base 5?
2
What is 113 (base 5) in base 14?
25
0 (base 10) to base 15
0
Convert a0 (base 14) to base 10.
140
Convert -141 (base 5) to base 3.
-1201
What is 47 (base 11) in base 2?
110011
What is -62 (base 10) in base 8?
-76
What is 12 (base 7) in base 16?
9
Convert 6 (base 15) to base 7.
6
118 (base 16) to base 3
101101
Convert -17 (base 9) to base 10.
-16
What is -4 (base 15) in base 9?
-4
What is -8e (base 15) in base 3?
-11222
What is -a (base 16) in base 9?
-11
-4 (base 15) to base 3
-11
Convert -21 (base 7) to base 3.
-120
-1 (base 8) to base 10
-1
48 (base 13) to base 12
50
What is 56 (base 7) in base 6?
105
e (base 15) to base 11
13
-131 (base 4) to base 6
-45
What is 284 (base 11) in base 5?
2314
Convert 1 (base 15) to base 3.
1
What is a (base 16) in base 15?
a
What is a (base 12) in base 13?
a
-1 (base 10) to base 4
-1
0 (base 5) to base 3
0
-a9 (base 12) to base 5
-1004
What is 5 (base 14) in base 10?
5
Convert -224 (base 11) to base 7.
-532
Convert -1042 (base 6) to base 13.
-158
What is 1 (base 16) in base 11?
1
Convert 440 (base 6) to base 2.
10101000
Convert -10000 (base 2) to base 12.
-14
-12 (base 3) to base 12
-5
What is -1 (base 13) in base 3?
-1
What is -1 (base 16) in base 12?
-1
Convert 2 (base 12) to base 9.
2
Convert 1 (base 8) to base 7.
1
0 (base 2) to base 4
0
What is 40 (base 15) in base 2?
111100
Convert -2111 (base 4) to base 5.
-1044
-4 (base 6) to base 7
-4
What is -10 (base 8) in base 12?
-8
What is -311 (base 5) in base 4?
-1101
Convert -1 (base 2) to base 12.
-1
-4b (base 14) to base 9
-74
Convert -1 (base 2) to base 4.
-1
Convert -2 (base 9) to base 16.
-2
Convert -37 (base 12) to base 8.
-53
21 (base 7) to base 11
14
Convert 2 (base 5) to base 14.
2
Convert 24 (base 16) to base 9.
40
2 (base 7) to base 16
2
2 (base 13) to base 2
10
-6 (base 7) to base 13
-6
1221 (b